?
-4010061
In base 13, what is 1397b6 + -1?
1397b5
In base 7, what is -22055144 - -3?
-22055141
In base 6, what is -21100 - -53203?
32103
In base 8, what is 64 + -15255001?
-15254715
In base 7, what is -1 + -362342266?
-362342300
In base 14, what is -4 + 3b59a1b?
3b59a17
In base 2, what is 100 - -10101010000011011100110101?
10101010000011011100111001
In base 11, what is 497641 - -209?
49784a
In base 13, what is -4 - -ab8318?
ab8314
In base 6, what is 4505511435 + -12?
4505511423
In base 4, what is 11211122310 - 132?
11211122112
In base 3, what is -20 - 12021012020100?
-12021012020120
In base 11, what is 128215 - -1179?
129393
In base 12, what is -21598 - -69?
-2152b
In base 16, what is 3 - 2f1dca8?
-2f1dca5
In base 5, what is -40100 - 1241133?
-1331233
In base 13, what is 4aca8 - c3?
4abb5
In base 12, what is 3791032 + 0?
3791032
In base 16, what is 5 - 15753?
-1574e
In base 6, what is 1015 + 3224344?
3225403
In base 5, what is 120011104344 - -10?
120011104404
In base 12, what is -16a55 - 333?
-17188
In base 13, what is 96a0 + 20b?
98ab
In base 13, what is 2693 - 115?
257b
In base 11, what is 224161 - 1486?
222786
In base 2, what is -11011101110111011111 + -100101?
-11011101111000000100
In base 3, what is 10 - -211100122220?
211100200000
In base 12, what is 40a51856 - -5?
40a5185b
In base 10, what is -2956 - 7517?
-10473
In base 3, what is 120021 - -220200112?
221020210
In base 8, what is 111054057 - 17?
111054040
In base 15, what is -4 - -d9d8c7?
d9d8c3
In base 5, what is 123 + 124130440?
124131113
In base 15, what is -408a - -3015?
-1075
In base 11, what is 1181a859 + -11?
1181a848
In base 2, what is -10100010001001111 - -101101100?
-10100001011100011
In base 15, what is 10a7 + 3404?
44ab
In base 7, what is 235146312 - 11?
235146301
In base 9, what is -3 + 807100?
807086
In base 8, what is 6 - 10774566?
-10774560
In base 6, what is -255 - -402130?
401431
In base 6, what is -1121014441 - 2?
-1121014443
In base 4, what is -2122 - -11021313?
11013131
In base 16, what is 16d + 23c1a?
23d87
In base 4, what is -30221103230 - 13?
-30221103303
In base 11, what is 1119 + -146209?
-1450a0
In base 14, what is -1926bb - 1a?
-1926d7
In base 13, what is 2baba0 - -104?
2baca4
In base 3, what is -1110012111022001 + -10?
-1110012111022011
In base 4, what is 10 - -1303011313?
1303011323
In base 8, what is 432243 - -151?
432414
In base 4, what is 0 + -300302133112?
-300302133112
In base 7, what is 10122146 + -3?
10122143
In base 11, what is 43 + 553a0a?
553a52
In base 5, what is -12004 + -2414000?
-2431004
In base 6, what is -2 - 2345420353?
-2345420355
In base 4, what is -3 + -11011310231303?
-11011310231312
In base 8, what is 1 - -66465753?
66465754
In base 5, what is 2024 - 23420?
-21341
In base 2, what is -110110101101 - -101101?
-110110000000
In base 14, what is 1220c - -307?
12515
In base 8, what is -4 - 342022671?
-342022675
In base 8, what is 1420 + 340263?
341703
In base 16, what is 57f2400 + 1?
57f2401
In base 11, what is -76 + 1238520?
1238455
In base 13, what is -463 - -13a921?
13a48b
In base 3, what is -2 - -11112111212112?
11112111212110
In base 15, what is -5 + -71ae837?
-71ae83c
In base 16, what is -c4 - -c07e?
bfba
In base 3, what is 10 + -220000011012110?
-220000011012100
In base 4, what is -312 + 200013312?
200013000
In base 2, what is -1101 - 11001101101100001010?
-11001101101100010111
In base 3, what is -12010220 - 21220122?
-111001112
In base 3, what is -1121111012 - -20011212?
-1101022100
In base 2, what is -111111010 + 1110110001010100?
1110101001011010
In base 10, what is 4 + -91768385?
-91768381
In base 15, what is -30 + 189059?
189029
In base 16, what is 11 + c77abf?
c77ad0
In base 10, what is 26 - -170552?
170578
In base 6, what is 1 + 24033334?
24033335
In base 16, what is -10d1 + -21ca?
-329b
In base 9, what is -3076 - -11443?
7356
In base 11, what is 10946 - -304?
1114a
In base 6, what is -115101032003 - 1?
-115101032004
In base 11, what is -4 - 9979544?
-9979548
In base 2, what is 1101011000010111001000100 - 111?
1101011000010111000111101
In base 16, what is -41b79 + 99?
-41ae0
In base 10, what is 17143911 - 4?
17143907
In base 7, what is -1 + 21204414?
21204413
In base 6, what is -22205 + -2050413?
-2113022
In base 12, what is -aa93 - -49b?
-a5b4
In base 5, what is 241101430444 - -1?
241101431000
In base 6, what is -44315411 + -3?
-44315414
In base 8, what is -2441173 - 1216?
-2442411
In base 13, what is -17 - -3642?
3628
In base 10, what is 8708 + -16951?
-8243
In base 16, what is -1647b + -8b?
-16506
In base 2, what is 100 - -101010101001100000011?
101010101001100000111
In base 2, what is 1100 + -11110101111001011011?
-11110101111001001111
In base 11, what is -985 + 314a?
2275
In base 7, what is -120222640 - 0?
-120222640
In base 8, what is -2 + 1564526?
1564524
In base 5, what is 1402334411 + -2?
1402334404
In base 12, what is 2 + -289403?
-289401
In base 7, what is 2461033 + -560?
2460143
In base 11, what is -1152 - -1074?
-89
In base 4, what is 2 - 1003012020?
-1003012012
In base 4, what is 2121302121223 + 10?
2121302121233
In base 11, what is 127 - 6568a?
-65563
In base 7, what is -12634 - 1113?
-14050
In base 5, what is -2024232232 + 104?
-2024232123
In base 11, what is 3 - -10658497?
1065849a
In base 13, what is -31957147 - 2?
-31957149
In base 15, what is 4e9 - -cc72?
d26b
In base 10, what is 287935 - -2302?
290237
In base 12, what is 3 - 84b834b3?
-84b834b0
In base 4, what is 130221 - 23123210?
-22332323
In base 13, what is -1105 - -1ca4?
b9c
In base 13, what is 1 - -3cbb4b?
3cbb4c
In base 16, what is -3006a52 + -3?
-3006a55
In base 9, what is -8653 + -1648?
-11412
In base 7, what is 16136533 + 3513?
16143346
In base 8, what is -3 - -654516054?
654516051
In base 13, what is -49 + 789630?
7895b4
In base 6, what is 21112511 + -13?
21112454
In base 14, what is 2ccd9 - -985?
2d880
In base 3, what is 1 - 122022221022011?
-122022221022010
In base 5, what is 243004 - -13340?
311344
In base 3, what is -212020 - 111110011?
-112022101
In base 7, what is -602510 - 404?
-603214
In base 5, what is -3 - -1024301304?
1024301301
In base 11, what is 2 - -a709944?
a709946
In base 9, what is -2 - 13411551?
-13411553
In base 13, what is 5c3176 - 0?
5c3176
In base 6, what is -42441 + -42?
-42523
In base 15, what is 3 + -d6d556d?
-d6d556a
In base 9, what is -1674 - 22525?
-24310
In base 10, what is -858863 + 114?
-858749
In base 9, what is -287 - -277130?
276732
In base 9, what is 12675747 + 16?
12675764
In base 15, what is -693a216 + -1?
-693a217
In base 11, what is 7857 + a3a?
8796
In base 5, what is -41203134 + -2213?
-41210402
In base 16, what is -3 + -5c434d8?
-5c434db
In base 8, what is 11 - 2745406?
-2745375
In base 12, what is -344298 - 1b?
-3442b7
In base 11, what is 0 - 14a5a028?
-14a5a028
In base 7, what is 4122 - 524644?
-520522
In base 13, what is 232 - 15298b?
-152759
In base 8, what is -206274660 + 3?
-206274655
In base 7, what is -15 - -3401611?
3401563
In base 16, what is -15d9e3 + 22?
-15d9c1
In base 14, what is 52d - -15cc65?
15d394
In base 14, what is 2cc5 + -204?
2ac1
In base 7, what is -25561 + 13004?
-12554
In base 13, what is -6292b2 + 5?
-6292aa
In base 11, what is -12285743 + 24?
-1228571a
In base 6, what is -1420520 - -52?
-1420424
In base 14, what is -a186 + -120c0?
-1c266
In base 13, what is -4 - 1125299?
-11252a0
In base 13, what is 3 - -178b80?
178b83
In base 15, what is -1 + -1dc362d?
-1dc362e
In base 11, what is -4 - -22a8886a?
22a88866
In base 6, what is -1215321122 - 5?
-1215321131
In base 8, what is -2 - -263061512?
263061510
In base 16, what is 73ea + -8d6?
6b14
In base 11, what is 274a0715 + 5?
274a071a
In base 10, what is -154514689 - 2?
-154514691
In base 4, what is 1 + 1222201322232?
1222201322233
In base 4, what is 1213 + -2312131020?
-2312123201
In base 9, what is 141 - -43427?
43568
In base 7, what is 6 - 14346640?
-14346631
In base 16, what is -54473 - -19?
-5445a
In base 14, what is 47d4 - -101a?
5810
In base 9, what is 207283 - 11354?
185828
In base 8, what is 1 + 11472565?
11472566
In base 14, what is -1 + -3b779?
-3b77a
In base 8, what is 15 - -205505?
205522
In base 12, what is 68550896 - -4?
6855089a
In base 12, what is -2aa - 3729?
-3a17
In base 15, what is 7d24 + e7?
7e1b
In base 7,